9 composite?
True
Is 562809763 composite?
False
Is 1373441009 prime?
True
Is 5942989853 a composite number?
False
Is 1023337937 a prime number?
False
Is 1098736439 composite?
False
Is 20920536691 composite?
False
Is 789675953 a composite number?
True
Is 2593349011 a prime number?
False
Is 3331301689 a prime number?
False
Is 37728187813 prime?
True
Is 1895638231 prime?
False
Is 356860843739 a composite number?
False
Is 134046571 a prime number?
True
Is 6864371753 a composite number?
True
Is 22674195487 a prime number?
True
Is 36552330163 composite?
False
Is 447245599 prime?
True
Is 20176901 a prime number?
True
Is 62619216223 composite?
True
Is 1254126571 prime?
True
Is 9364423603 a composite number?
False
Is 7635250787 a composite number?
False
Is 159735263 a prime number?
True
Is 740478269 a composite number?
False
Is 666855547 prime?
True
Is 9854339483 a prime number?
False
Is 134741051 prime?
False
Is 88921039483 prime?
False
Is 63639261019 prime?
True
Is 14116498961 a prime number?
False
Is 2193834571 composite?
False
Is 5896567207 a composite number?
False
Is 12578536933 composite?
False
Is 2045297303 prime?
False
Is 2654648233 a prime number?
False
Is 3479189137 prime?
True
Is 110185760273 prime?
True
Is 120888899977 composite?
True
Is 1311652193 composite?
False
Is 17054973373 a composite number?
False
Is 7869793143 a composite number?
True
Is 15308836117 prime?
False
Is 1746316571 a composite number?
False
Is 111353524957 a composite number?
True
Is 35748616417 composite?
False
Is 11014140607 prime?
True
Is 8908674961 prime?
False
Is 3334323151 prime?
False
Is 1235009977 a prime number?
True
Is 52619589467 composite?
False
Is 618068293 prime?
False
Is 4600069249 a composite number?
True
Is 3653106313 prime?
False
Is 14088092885 composite?
True
Is 448568291 composite?
True
Is 7808878177 prime?
False
Is 264334171 composite?
True
Is 308464927 composite?
False
Is 22600161041 composite?
False
Is 48322512647 prime?
True
Is 52451650379 a composite number?
True
Is 4271856581 prime?
True
Is 45476945503 composite?
True
Is 348522241 prime?
True
Is 8919964577 a composite number?
True
Is 8338349485 composite?
True
Is 16052726359 a prime number?
True
Is 24980836921 prime?
True
Is 2878984721 a composite number?
True
Is 20086566451 composite?
True
Is 440736721 a prime number?
False
Is 54496320313 a composite number?
True
Is 32808072163 prime?
True
Is 314147462 a prime number?
False
Is 3578276939 composite?
False
Is 971848237 a composite number?
False
Is 44666207147 a composite number?
False
Is 549731323 a prime number?
True
Is 2186370101 a composite number?
True
Is 286780867 a composite number?
True
Is 37982729461 prime?
True
Is 3290151217 prime?
False
Is 7531045597 a composite number?
False
Is 2204968567 a prime number?
True
Is 741414301 a composite number?
False
Is 24304982687 composite?
True
Is 504755429 prime?
True
Is 14377256549 composite?
False
Is 867982373 prime?
True
Is 17282289803 composite?
True
Is 568928847 prime?
False
Is 1650500741 a composite number?
False
Is 439564863 prime?
False
Is 11656168561 composite?
True
Is 29529811147 a prime number?
False
Is 5448158669 prime?
True
Is 24349939 a prime number?
False
Is 22870362007 composite?
True
Is 6566151671 composite?
True
Is 4421791969 composite?
True
Is 3334468253 composite?
False
Is 24859791673 a composite number?
False
Is 158955829739 a prime number?
False
Is 7456031081 composite?
False
Is 8767129071 a prime number?
False
Is 673214999 a composite number?
True
Is 1766540641 a prime number?
False
Is 56894153647 a composite number?
False
Is 4556058173 prime?
False
Is 68153291 a prime number?
False
Is 155175497 a prime number?
True
Is 62913642863 prime?
True
Is 134497529 composite?
True
Is 42820265867 composite?
False
Is 3310889927 prime?
False
Is 10936644851 prime?
False
Is 3502505579 composite?
True
Is 66667530739 composite?
True
Is 3424453001 composite?
False
Is 3881209699 prime?
True
Is 3970754087 a prime number?
True
Is 8499335717 prime?
True
Is 34303809581 prime?
True
Is 38065658039 prime?
False
Is 3841721171 a prime number?
False
Is 671922133 composite?
False
Is 41360357 a prime number?
False
Is 2131969843 a composite number?
True
Is 1922117441 a prime number?
False
Is 18810110987 a composite number?
False
Is 737569163 prime?
False
Is 58220771371 a prime number?
False
Is 138794567 a prime number?
True
Is 1596793223 a prime number?
True
Is 484575737 prime?
True
Is 3018363589 a prime number?
False
Is 8966794399 a prime number?
True
Is 15388584391 a prime number?
True
Is 943386463 prime?
False
Is 3266128687 a composite number?
True
Is 31123521167 prime?
True
Is 94086088207 a prime number?
False
Is 4094239423 prime?
False
Is 846388723 a composite number?
False
Is 17081466137 a composite number?
True
Is 13274702407 a prime number?
True
Is 12764499743 prime?
False
Is 2561282923 a composite number?
True
Is 504696371 a prime number?
False
Is 945322493 a composite number?
False
Is 6510010303 a prime number?
False
Is 350474151305 a prime number?
False
Is 133955033 a prime number?
True
Is 410885926355 a prime number?
False
Is 37541019611 prime?
False
Is 173631779 a composite number?
True
Is 114134231 a composite number?
False
Is 225844767805 composite?
True
Is 22895577947 a prime number?
False
Is 1740117341 composite?
True
Is 3400197943 prime?
True
Is 13045876757 prime?
True
Is 19040299529 composite?
False
Is 454347767 a composite number?
False
Is 772245737 composite?
True
Is 1476414869 a prime number?
False
Is 6016889581 prime?
False
Is 3471822971 composite?
True
Is 167562167 composite?
False
Is 118844009 prime?
True
Is 519404591 composite?
True
Is 451059235765 a prime number?
False
Is 2516729467 a prime number?
False
Is 25543816523 a composite number?
False
Is 788294351 prime?
False
Is 4613357831 prime?
False
Is 28428146438 prime?
False
Is 16871308885 prime?
False
Is 355020451 a composite number?
False
Is 9427812157 a prime number?
True
Is 37244803 a prime number?
False
Is 17815933103 a prime number?
False
Is 4082308891 a prime number?
False
Is 44726480507 prime?
True
Is 407893987 a composite number?
True
Is 114657029 a prime number?
True
Is 658322689 prime?
False
Is 25257285187 composite?
False
Is 1489810789 composite?
False
Is 110559430561 composite?
False
Is 1299663203 prime?
True
Is 820760305 composite?
True
Is 7460738305 prime?
False
Is 3623266747 a prime number?
True
Is 575377527 a prime number?
False
Is 1675779583 a composite number?
False
Is 161265739377 prime?
False
Is 3426305399 a composite number?
True
Is 23780538101 prime?
False
Is 394626299 a prime number?
False
Is 436206031 composite?
False
Is 12190421359 composite?
True
Is 57547485533 a composite number?
True
Is 701927767 prime?
True
Is 7973310361 composite?
True
Is 9746612957 a prime number?
True
Is 3508984477 prime?
True
Is 12457170137 prime?
False
Is 570840211 composite?
True
Is 85142929 a prime number?
True
Is 1341882127 a prime number?
False
Is 442061995 prime?
False
Is 60238658 composite?
True
Is 46225211 prime?
True
Is 14948858861 composite?
False
Is 9376903241 composite?
False
Is 901954693 prime?
True
Is 6026626913 prime?
False
Is 98222271263 a prime number?
False
Is 537978667 a prime number?
True
Is 156419313931 a composite number?
False
Is 7112661209 prime?
True
Is 6568410301 prime?
True
Is 84280073857 composite?
True
Is 77505101903 a prime number?
False
Is 49379836349 a prime number?
True
Is 4601539961 prime?
False
Is 4254242131 composite?
False
Is 987943367 a prime number?
True
Is 2419926373 a composite number?
True
Is 6709867 composite?
False
Is 127750426997 a prime number?
False
Is 11112169547 composite?
False
Is 6896219503 a composite number?
False
Is 6157322911 prime?
True
Is 19106875903 a composite number?
False
Is 49653833 a prime number?
True
Is 1175209309 composite?
False
Is 119787169871 a composite number?
False
Is 24151022989 composite?
False
Is 7387729655 composite?
True
Is 4533777407 a composite number?
False
Is 13676638693 a prime number?
True
Is 78920362259 a prime number?
True
Is 799030411 a prime number?
False
Is 86795621999 a composite number?
False
Is 2952233983 prime?
False
Is 182002309 prime?
True
Is 15847899251 composite?
True
Is 7050986969 a composite number?
True
Is 52352673277 a prime numbe